{"version":1,"type":"rich","provider_name":"Libsyn","provider_url":"https:\/\/www.libsyn.com","height":90,"width":600,"title":"#117 (Entwicklungs-) Trauma und Depression","description":"In dieser Folge geht es um ein Thema, das auch ein H\u00f6rerinnenwunsch ist. Es geht um die Frage des Zusammenhangs zwischen Trauma bzw. Entwicklungstrauma und Depression. Das ist nat\u00fcrlich ein Feld, \u00fcber das man mehrere Stunden, wenn nicht Tage oder gar Wochen referieren k\u00f6nnte. Somit sehe ich mich wieder vor einer Aufgabe, eine kleine Nussschale dick und eng zu bepacken und doch so viel Platz zwischen den einzelnen Paketchen zu lassen, dass man noch atmen und auch verdauen kann. Ich hoffe, dass mir das gelingt und ich w\u00fcnsche dir beim Lauschen jetzt, wertvolle Erkenntnisse und entspannte, gelassene Freude. In dieser Folge erf\u00e4hrst du:  dass Depression eine Traumafolge sein kann was die agitierte Depression ist welche Aspekte von Trauma Depression beg\u00fcnstigen welche Form der Zuwendung ein Schl\u00fcssel zur Linderung ist  Shownotes: Ohnmacht &amp;amp; Starre I Polyvagaltheorie \/\/ Podcast #84 Buchempfehlungen  Bessel van der Kolk &quot;Verk\u00f6rperter Schrecken&quot; Pete Walker &quot;Posttraumatische Belastungsst\u00f6rung&quot; Michaela Huber &quot;Trauma und die Folgen&quot;  ","author_name":"Verena K\u00f6nig Podcast f\u00fcr Kreative Transformation | Traumawissen","author_url":"https:\/\/www.verenakoenig.de","html":"<iframe title=\"Libsyn Player\" style=\"border: none\" src=\"\/\/html5-player.libsyn.com\/embed\/episode\/id\/16879127\/height\/90\/theme\/custom\/thumbnail\/yes\/direction\/forward\/render-playlist\/no\/custom-color\/88AA3C\/\" height=\"90\" width=\"600\" scrolling=\"no\"  allowfullscreen webkitallowfullscreen mozallowfullscreen oallowfullscreen msallowfullscreen><\/iframe>","thumbnail_url":"https:\/\/assets.libsyn.com\/secure\/content\/88928354"}

In dieser Folge geht es um ein Thema, das auch ein Hörerinnenwunsch ist. Es geht um die Frage des Zusammenhangs zwischen Trauma bzw. Entwicklungstrauma und Depression. Das ist natürlich ein Feld, über das man mehrere Stunden, wenn nicht Tage oder gar Wochen referieren könnte. Somit sehe ich mich wieder vor einer Aufgabe, eine kleine Nussschale dick und eng zu bepacken und doch so viel Platz zwischen den einzelnen Paketchen zu lassen, dass man noch atmen und auch verdauen kann. Ich hoffe, dass mir das gelingt und ich wünsche dir beim Lauschen jetzt, wertvolle Erkenntnisse und entspannte, gelassene Freude. In dieser Folge erfährst du:  dass Depression eine Traumafolge sein kann was die agitierte Depression ist welche Aspekte von Trauma Depression begünstigen welche Form der Zuwendung ein Schlüssel zur Linderung ist  Shownotes: Ohnmacht &amp;amp; Starre I Polyvagaltheorie // Podcast #84 Buchempfehlungen  Bessel van der Kolk &quot;Verkörperter Schrecken&quot; Pete Walker &quot;Posttraumatische Belastungsstörung&quot; Michaela Huber &quot;Trauma und die Folgen&quot;

Verena König Podcast für Kreative Transformation | Traumawissen
