{"version":1,"type":"rich","provider_name":"Libsyn","provider_url":"https:\/\/www.libsyn.com","height":90,"width":600,"title":"#147 Trauma, Weltschmerz und Ignoranz","description":"In einigen vergangenen Folgen ist es bereits um das Thema Mitgef\u00fchl gegangen. Es ging auch schon h\u00e4ufiger um das Thema Abgrenzung - alles im Bezug zu Trauma oder Traumafolgen. Und heute m\u00f6chte ich den Blick noch einmal etwas weiter stellen und gerne mit dir bewegen, was es mit unserem Mitgef\u00fchl auf sich hat, wenn es zum Weltschmerz wird. Wenn wir es kaum aushalten k\u00f6nnen, wahrzunehmen und uns bewusst dar\u00fcber zu sein, was hier eigentlich auf diesem Planeten abgeht. Ich m\u00f6chte gerne auch die Frage bewegen, wieso manche Menschen von alledem scheinbar gar nicht ber\u00fchrt sind sowie die Frage, wie es \u00fcberhaupt sein kann, dass wir uns in eine solch bescheuerte Situation hinein laviert haben. Wie kann es sein, dass wir als vernunftbegabte Spezies uns selbst - und nicht nur uns selbst, sondern auch alles andere - zu Grunde richten? Das klingt nicht besonders hell und leuchtend, aber es ist mir ein Anliegen, dieses Thema einmal zu bewegen, denn auch das geh\u00f6rt dazu, zu unserer menschlichen Pr\u00e4senz, zu unserem menschlichen Bewusstsein und zu unserer Verantwortung, die wir uns zu Herzen nehmen k\u00f6nnen um dann vielleicht doch noch das Ruder rum rei\u00dfen zu k\u00f6nnen. In diesem Sinne w\u00fcnsche ich dir wohltuende Erkenntnisse und ganz viel Herz-Verbundenheit beim Lauschen. \u2026wenn Dich das tiefer interessiert, lies auf jeden Fall weiter im Blog und\/oder lausche der Podcastfolge! In dieser Folge erf\u00e4hrst Du:  warum Menschen so unterschiedlich auf die aktuellen Weltgeschehnisse reagieren welche Rolle Dissoziation als Traumafolge dabei spielt was das Nervensystem mit Weltschmerz zu tun hat wie das kollektive Trauma geheilt werden kann weshalb Herausforderungen als Chance gesehen werden k\u00f6nnen von meinen Visionen, die ich dieses Jahr mit dir umsetzen m\u00f6chte  SHOWNOTES:  Podcast Folge #84 \u2013 Ohnmacht &amp;amp; Starre \/\/ Die Polyvagaltheorie https:\/\/www.youtube.com\/watch?v=hbQnf9XJmVs Podcast Folge #49 \u2013 Wann wird eine Erfahrung zum Trauma? https:\/\/www.youtube.com\/watch?v=r1Kwo4tfDaQ Podcast Folge #50 \u2013 Was f\u00fcr Arten von Trauma gibt es? https:\/\/www.youtube.com\/watch?v=qB5eIAnHe1Y Podcast Folge #53 \u2013 Transgenerationale Weitergabe von Trauma https:\/\/www.youtube.com\/watch?v=3ATM4sIUXDE Podcast Folge #63 \u2013 Dissoziation \/ Rettung und B\u00fcrde https:\/\/www.youtube.com\/watch?v=gq3u2mVpxMQ Kostenloser Newsletter https:\/\/verenakoenig.de\/tinlanmeldung  ","author_name":"Verena K\u00f6nig Podcast f\u00fcr Kreative Transformation | Traumawissen","author_url":"https:\/\/www.verenakoenig.de","html":"<iframe title=\"Libsyn Player\" style=\"border: none\" src=\"\/\/html5-player.libsyn.com\/embed\/episode\/id\/19515515\/height\/90\/theme\/custom\/thumbnail\/yes\/direction\/forward\/render-playlist\/no\/custom-color\/88AA3C\/\" height=\"90\" width=\"600\" scrolling=\"no\"  allowfullscreen webkitallowfullscreen mozallowfullscreen oallowfullscreen msallowfullscreen><\/iframe>","thumbnail_url":"https:\/\/assets.libsyn.com\/secure\/content\/105650063"}

In einigen vergangenen Folgen ist es bereits um das Thema Mitgefühl gegangen. Es ging auch schon häufiger um das Thema Abgrenzung - alles im Bezug zu Trauma oder Traumafolgen. Und heute möchte ich den Blick noch einmal etwas weiter stellen und gerne mit dir bewegen, was es mit unserem Mitgefühl auf sich hat, wenn es zum Weltschmerz wird. Wenn wir es kaum aushalten können, wahrzunehmen und uns bewusst darüber zu sein, was hier eigentlich auf diesem Planeten abgeht. Ich möchte gerne auch die Frage bewegen, wieso manche Menschen von alledem scheinbar gar nicht berührt sind sowie die Frage, wie es überhaupt sein kann, dass wir uns in eine solch bescheuerte Situation hinein laviert haben. Wie kann es sein, dass wir als vernunftbegabte Spezies uns selbst - und nicht nur uns selbst, sondern auch alles andere - zu Grunde richten? Das klingt nicht besonders hell und leuchtend, aber es ist mir ein Anliegen, dieses Thema einmal zu bewegen, denn auch das gehört dazu, zu unserer menschlichen Präsenz, zu unserem menschlichen Bewusstsein und zu unserer Verantwortung, die wir uns zu Herzen nehmen können um dann vielleicht doch noch das Ruder rum reißen zu können. In diesem Sinne wünsche ich dir wohltuende Erkenntnisse und ganz viel Herz-Verbundenheit beim Lauschen. …wenn Dich das tiefer interessiert, lies auf jeden Fall weiter im Blog und/oder lausche der Podcastfolge! In dieser Folge erfährst Du:  warum Menschen so unterschiedlich auf die aktuellen Weltgeschehnisse reagieren welche Rolle Dissoziation als Traumafolge dabei spielt was das Nervensystem mit Weltschmerz zu tun hat wie das kollektive Trauma geheilt werden kann weshalb Herausforderungen als Chance gesehen werden können von meinen Visionen, die ich dieses Jahr mit dir umsetzen möchte  SHOWNOTES:  Podcast Folge #84 – Ohnmacht &amp;amp; Starre // Die Polyvagaltheorie https://www.youtube.com/watch?v=hbQnf9XJmVs Podcast Folge #49 – Wann wird eine Erfahrung zum Trauma? https://www.youtube.com/watch?v=r1Kwo4tfDaQ Podcast Folge #50 – Was für Arten von Trauma gibt es? https://www.youtube.com/watch?v=qB5eIAnHe1Y Podcast Folge #53 – Transgenerationale Weitergabe von Trauma https://www.youtube.com/watch?v=3ATM4sIUXDE Podcast Folge #63 – Dissoziation / Rettung und Bürde https://www.youtube.com/watch?v=gq3u2mVpxMQ Kostenloser Newsletter https://verenakoenig.de/tinlanmeldung

Verena König Podcast für Kreative Transformation | Traumawissen
