{"version":1,"type":"rich","provider_name":"Libsyn","provider_url":"https:\/\/www.libsyn.com","height":90,"width":600,"title":"#1 Vad \u00e4r v\u00e4lf\u00e4rdsteknik?","description":"Vad \u00e4r v\u00e4lf\u00e4rdsteknik? I det f\u00f6rsta avsnittet av SKR:s Podden om v\u00e4lf\u00e4rdsteknik samtalar Patrik Sundstr\u00f6m, Chief Digital Officer och Mats Rundquist, projektledare, SKR om \u00e4mnet. Samtalsledare: Eva Sahl\u00e9n, Kompetenscenter v\u00e4lf\u00e4rdsteknik. Har du id\u00e9er om n\u00e5got du skulle vilja att vi tar upp i Podden om v\u00e4lf\u00e4rdsteknik? H\u00f6r av dig till oss via  v\u00e5r helpdesk. Vill du veta mer? H\u00e5ll dig uppdaterad om SKR:s satsning p\u00e5 v\u00e4lf\u00e4rdsteknik och digitala arbetss\u00e4tt i \u00e4ldreomsorgen genom att     Prenumerera p\u00e5 nyhetsbrevet  Se informationsfilmen: S\u00e5 kan v\u00e4lf\u00e4rdsteknik bidra till \u00f6kad trygghet i \u00e4ldreomsorgen - SKR Play&amp;nbsp;&amp;nbsp;  L\u00e4s mer om Kompetenscenter V\u00e4lf\u00e4rdsteknik  Textversion avsnitt 1 (PDF)    ","author_name":"Podden om v\u00e4lf\u00e4rdsteknik","author_url":"https:\/\/skr.se\/skr\/integrationsocialomsorg\/socialomsorg\/aldre\/overenskommelsealdreomsorg\/kompetenscentervalfardsteknik.34196.html","html":"<iframe title=\"Libsyn Player\" style=\"border: none\" src=\"\/\/html5-player.libsyn.com\/embed\/episode\/id\/20393405\/height\/90\/theme\/custom\/thumbnail\/yes\/direction\/forward\/render-playlist\/no\/custom-color\/88AA3C\/\" height=\"90\" width=\"600\" scrolling=\"no\"  allowfullscreen webkitallowfullscreen mozallowfullscreen oallowfullscreen msallowfullscreen><\/iframe>","thumbnail_url":"https:\/\/assets.libsyn.com\/secure\/content\/110793248"}

#1 Vad är välfärdsteknik?

Vad är välfärdsteknik? I det första avsnittet av SKR:s Podden om välfärdsteknik samtalar Patrik Sundström, Chief Digital Officer och Mats Rundquist, projektledare, SKR om ämnet. Samtalsledare: Eva Sahlén, Kompetenscenter välfärdsteknik. Har du idéer om något du skulle vilja att vi tar upp i Podden om välfärdsteknik? Hör av dig till oss via  vår helpdesk. Vill du veta mer? Håll dig uppdaterad om SKR:s satsning på välfärdsteknik och digitala arbetssätt i äldreomsorgen genom att     Prenumerera på nyhetsbrevet  Se informationsfilmen: Så kan välfärdsteknik bidra till ökad trygghet i äldreomsorgen - SKR Play&amp;nbsp;&amp;nbsp;  Läs mer om Kompetenscenter Välfärdsteknik  Textversion avsnitt 1 (PDF)

Podden om välfärdsteknik
