{"version":1,"type":"rich","provider_name":"Libsyn","provider_url":"https:\/\/www.libsyn.com","height":90,"width":600,"title":"36. Del verano azul","description":"\u00abLa TV estaba enfocada a una educaci\u00f3n de respeto y diversi\u00f3n\u00bb &amp;nbsp;36. &amp;nbsp;Del verano azul.&amp;nbsp;Patricia Medina Sintonizamos con la profesora Patricia Medina Talaverano en el Colegio El Cid de Mislata en Valencia y conocemos a sus estudiantes de 9 y 10 a\u00f1os que nos dan una lecci\u00f3n sobre comunicaci\u00f3n, justo antes de partir hacia unas vacaciones que seguro que ser\u00e1n inolvidables.&amp;nbsp; Colegio el Cid de Mislata:&amp;nbsp;http:\/\/colegioelcid.blogspot.com.es\/ Del verano azul en 100 palabras  Dec\u00eda aquella obra de teatro llevada despu\u00e9s al cine que las bicicletas son para el verano. Llega el verano, nos subimos al sill\u00edn y pedaleamos por un mundo cuyo tiempo se detendr\u00e1 durante siglos hasta que llegue de nuevo septiembre y el colegio. Para un servidor, el verano en aquella Espa\u00f1a de los 80', era un maravilloso pueblo de Cuenca, llamado Vellisca, en la Alcarria ,al pie de una sierra que obligaba a echar al pie tierra con la bici BH sin marchas y casi sin frenos por aquel entonces. El verano era tambi\u00e9n Mu\u00f1ez, una encantadora aldea de \u00c1vila donde rodeado de vacas y al ritmo de Alaska pedaleaba mientras deseaba que el tiempo no corriera. Unos atascos m\u00e1s tarde nos encontramos en 2017 ya casi apurando el primer quinto del siglo XXI y con la profesora de 4\u00ba de Primaria del Colegio el Cid en Mislata, en la provincia de Valencia. La profesora Patricia Medina Talaverano est\u00e1 hoy a punto de despedir a un grupo de estudiantes de entre 9 y 10 a\u00f1os hacia un verano en el que tal vez la bici, tal vez tambi\u00e9n Alaska y tal vez \u00bfpor qu\u00e9 no? alg\u00fan Mu\u00f1ez, alg\u00fan Vellisca o cualquier otro pueblo escondido a modo de tesoro en \u00c1vila, Cuenca, Salamanca, Teruel o Toledo tengan tambi\u00e9n protagonismo en el verano de estos peque\u00f1os ciclistas de la vida que hoy nos disponemos a conocer. Esteban Gal\u00e1n. Universitat Jaume I de Castell\u00f3. Grupo de investigaci\u00f3n ITACA-UJI &amp;nbsp; &amp;nbsp;  &amp;nbsp; &amp;nbsp; ","author_name":"Transmedia","author_url":"http:\/\/transmedia.libsyn.com\/podcast","html":"<iframe title=\"Libsyn Player\" style=\"border: none\" src=\"\/\/html5-player.libsyn.com\/embed\/episode\/id\/5465122\/height\/90\/theme\/custom\/thumbnail\/yes\/direction\/forward\/render-playlist\/no\/custom-color\/88AA3C\/\" height=\"90\" width=\"600\" scrolling=\"no\"  allowfullscreen webkitallowfullscreen mozallowfullscreen oallowfullscreen msallowfullscreen><\/iframe>","thumbnail_url":"https:\/\/assets.libsyn.com\/secure\/item\/5465122"}

«La TV estaba enfocada a una educación de respeto y diversión» &amp;nbsp;36. &amp;nbsp;Del verano azul.&amp;nbsp;Patricia Medina Sintonizamos con la profesora Patricia Medina Talaverano en el Colegio El Cid de Mislata en Valencia y conocemos a sus estudiantes de 9 y 10 años que nos dan una lección sobre comunicación, justo antes de partir hacia unas vacaciones que seguro que serán inolvidables.&amp;nbsp; Colegio el Cid de Mislata:&amp;nbsp;http://colegioelcid.blogspot.com.es/ Del verano azul en 100 palabras  Decía aquella obra de teatro llevada después al cine que las bicicletas son para el verano. Llega el verano, nos subimos al sillín y pedaleamos por un mundo cuyo tiempo se detendrá durante siglos hasta que llegue de nuevo septiembre y el colegio. Para un servidor, el verano en aquella España de los 80', era un maravilloso pueblo de Cuenca, llamado Vellisca, en la Alcarria ,al pie de una sierra que obligaba a echar al pie tierra con la bici BH sin marchas y casi sin frenos por aquel entonces. El verano era también Muñez, una encantadora aldea de Ávila donde rodeado de vacas y al ritmo de Alaska pedaleaba mientras deseaba que el tiempo no corriera. Unos atascos más tarde nos encontramos en 2017 ya casi apurando el primer quinto del siglo XXI y con la profesora de 4º de Primaria del Colegio el Cid en Mislata, en la provincia de Valencia. La profesora Patricia Medina Talaverano está hoy a punto de despedir a un grupo de estudiantes de entre 9 y 10 años hacia un verano en el que tal vez la bici, tal vez también Alaska y tal vez ¿por qué no? algún Muñez, algún Vellisca o cualquier otro pueblo escondido a modo de tesoro en Ávila, Cuenca, Salamanca, Teruel o Toledo tengan también protagonismo en el verano de estos pequeños ciclistas de la vida que hoy nos disponemos a conocer. Esteban Galán. Universitat Jaume I de Castelló. Grupo de investigación ITACA-UJI &amp;nbsp; &amp;nbsp;  &amp;nbsp; &amp;nbsp;
