{"version":1,"type":"rich","provider_name":"Libsyn","provider_url":"https:\/\/www.libsyn.com","height":90,"width":600,"title":"Travh\u00e4stuppf\u00f6dningens framtid","description":" Stefan Johansson \u00e4r en framg\u00e5ngsrik och entusiastisk uppf\u00f6dare som \u00e4ven \u00e4r ordf\u00f6rande i Avelsv\u00e4rderingsn\u00e4mnden och ledamot i Avelsr\u00e5det. Stefan ger sin syn p\u00e5 uppf\u00f6dningens utveckling och villkor, han ber\u00e4ttar om sina finaste minnen som uppf\u00f6dare och ger goda r\u00e5d till dig som vill f\u00f6da upp din f\u00f6rsta h\u00e4st.  &amp;nbsp;  Lacke gillar att dansa och tycker att Kriteriefesten l\u00e5ter kul. Vi pratar \u00e4ven om resten av Kriterieveckan och s\u00e5 f\u00e5r vi luringar till V75 p\u00e5 F\u00e4rjestadtravet.  &amp;nbsp;  Inneh\u00e5ll:  05.33 Varf\u00f6r \u00e4r inte fler p\u00e5 Solvalla en onsdag?  11.51 Stefan Johansson om hur uppf\u00f6dningen m\u00e5r i dag  20.30 Vad \u00e4r den l\u00e5ngsiktiga faran med en minskad uppf\u00f6dning?  27.40 Vi i travet m\u00e5ste se l\u00e4ngre fram i tiden  37.43 S\u00e5 firas en uppf\u00f6darseger i Sto-EM  42.44 R\u00e5d till blivande uppf\u00f6dare  55.13 Lacke \u00e4r f\u00f6rkyld men piggas upp av gamla dansminnen och Kriterieveckan.  1:06.48 Lackes luringar till V75 p\u00e5 F\u00e4rjestad  &amp;nbsp;  G\u00e4ster: Stefan Johansson och Lacke  &amp;nbsp;  Programledare: J\u00f6rgen Forsberg, Anders Malmrot och Markus Myron. ","author_name":"Solvalla Podcast","author_url":"http:\/\/solvalla.libsyn.com\/website","html":"<iframe title=\"Libsyn Player\" style=\"border: none\" src=\"\/\/html5-player.libsyn.com\/embed\/episode\/id\/28102619\/height\/90\/theme\/custom\/thumbnail\/yes\/direction\/forward\/render-playlist\/no\/custom-color\/88AA3C\/\" height=\"90\" width=\"600\" scrolling=\"no\"  allowfullscreen webkitallowfullscreen mozallowfullscreen oallowfullscreen msallowfullscreen><\/iframe>","thumbnail_url":"https:\/\/assets.libsyn.com\/secure\/item\/28102619"}

Travhästuppfödningens framtid

Stefan Johansson är en framgångsrik och entusiastisk uppfödare som även är ordförande i Avelsvärderingsnämnden och ledamot i Avelsrådet. Stefan ger sin syn på uppfödningens utveckling och villkor, han berättar om sina finaste minnen som uppfödare och ger goda råd till dig som vill föda upp din första häst.  &amp;nbsp;  Lacke gillar att dansa och tycker att Kriteriefesten låter kul. Vi pratar även om resten av Kriterieveckan och så får vi luringar till V75 på Färjestadtravet.  &amp;nbsp;  Innehåll:  05.33 Varför är inte fler på Solvalla en onsdag?  11.51 Stefan Johansson om hur uppfödningen mår i dag  20.30 Vad är den långsiktiga faran med en minskad uppfödning?  27.40 Vi i travet måste se längre fram i tiden  37.43 Så firas en uppfödarseger i Sto-EM  42.44 Råd till blivande uppfödare  55.13 Lacke är förkyld men piggas upp av gamla dansminnen och Kriterieveckan.  1:06.48 Lackes luringar till V75 på Färjestad  &amp;nbsp;  Gäster: Stefan Johansson och Lacke  &amp;nbsp;  Programledare: Jörgen Forsberg, Anders Malmrot och Markus Myron.
