{"version":1,"type":"rich","provider_name":"Libsyn","provider_url":"https:\/\/www.libsyn.com","height":90,"width":600,"title":"Hur hanterades covid-19 p\u00e5 \u00e4ldreboenden?","description":"Personalen p\u00e5 \u00e4ldreboenden stod i pandemins frontlinje. I en ny SNS-rapport f\u00f6rmedlas deras erfarenheter av pandemin och dess konsekvenser f\u00f6r verksamheten p\u00e5 \u00e4ldreboenden. Rapporten kommenteras av \u00e4ldreminister Anna Tenje och Coronakommissionens ordf\u00f6rande Mats Melin. Medverkande Sara Erlandsson, lektor i socialt arbete vid Stockholms universitet Andreas Koch, kommunikations- och IR-direkt\u00f6r, Attendo Mats Melin, ordf\u00f6rande, Coronakommissionen Malin Ragneg\u00e5rd, f\u00f6rbundsordf\u00f6rande, Kommunal Anna Tenje&amp;nbsp;(M), \u00e4ldre- och socialf\u00f6rs\u00e4kringsminister Petra Ulmanen, lektor i socialt arbete vid Stockholms universitet Samtalet leds av&amp;nbsp;Ilinca Benson, vd f\u00f6r SNS. ","author_name":"SNS Kunskap","author_url":"https:\/\/sns.se","html":"<iframe title=\"Libsyn Player\" style=\"border: none\" src=\"\/\/html5-player.libsyn.com\/embed\/episode\/id\/26376516\/height\/90\/theme\/custom\/thumbnail\/yes\/direction\/forward\/render-playlist\/no\/custom-color\/88AA3C\/\" height=\"90\" width=\"600\" scrolling=\"no\"  allowfullscreen webkitallowfullscreen mozallowfullscreen oallowfullscreen msallowfullscreen><\/iframe>","thumbnail_url":"https:\/\/assets.libsyn.com\/secure\/item\/26376516"}

Hur hanterades covid-19 på äldreboenden?

Personalen på äldreboenden stod i pandemins frontlinje. I en ny SNS-rapport förmedlas deras erfarenheter av pandemin och dess konsekvenser för verksamheten på äldreboenden. Rapporten kommenteras av äldreminister Anna Tenje och Coronakommissionens ordförande Mats Melin. Medverkande Sara Erlandsson, lektor i socialt arbete vid Stockholms universitet Andreas Koch, kommunikations- och IR-direktör, Attendo Mats Melin, ordförande, Coronakommissionen Malin Ragnegård, förbundsordförande, Kommunal Anna Tenje&amp;nbsp;(M), äldre- och socialförsäkringsminister Petra Ulmanen, lektor i socialt arbete vid Stockholms universitet Samtalet leds av&amp;nbsp;Ilinca Benson, vd för SNS.
