{"version":1,"type":"rich","provider_name":"Libsyn","provider_url":"https:\/\/www.libsyn.com","height":90,"width":600,"title":"Nadci\u0105ga religijna wojna","description":"\u015amier\u0107 Boga og\u0142aszana by\u0142a ju\u017c wielokrotnie. Ko\u015bci\u00f3\u0142 w Europie traci wiernych i s\u0142abnie. Ale do Europy, wraz fal\u0105 migrant\u00f3w z Bliskiego Wschodu i Afryki, dociera kulturowa zmiana. Muzu\u0142manie, kt\u00f3rych na Zachodzie jest coraz wi\u0119cej, podkre\u015blaj\u0105 swoj\u0105 odr\u0119bno\u015b\u0107 religijn\u0105. &amp;nbsp; Jaki to b\u0119dzie mia\u0142o wp\u0142yw na spo\u0142ecze\u0144stwo takich kraj\u00f3w jak Francja, Szwecja czy Niemcy? I co z Polsk\u0105? Czy islam, kt\u00f3ry wraz z jego wyznawcami rozprzestrzenia si\u0119 po Europie, b\u0119dzie powodem odrodzenia si\u0119 chrze\u015bcija\u0144skich idea\u0142\u00f3w i symboli? O szczeg\u00f3\u0142ach us\u0142yszycie w podca\u015bcie &quot;Rachunek sumienia&quot; &amp;nbsp; ","author_name":"Rachunek sumienia","author_url":"https:\/\/www.newsweek.pl\/podcasty-newsweeka","html":"<iframe title=\"Libsyn Player\" style=\"border: none\" src=\"\/\/html5-player.libsyn.com\/embed\/episode\/id\/33418522\/height\/90\/theme\/custom\/thumbnail\/yes\/direction\/forward\/render-playlist\/no\/custom-color\/424242\/\" height=\"90\" width=\"600\" scrolling=\"no\"  allowfullscreen webkitallowfullscreen mozallowfullscreen oallowfullscreen msallowfullscreen><\/iframe>","thumbnail_url":"https:\/\/assets.libsyn.com\/secure\/content\/179519087"}

Nadciąga religijna wojna

Śmierć Boga ogłaszana była już wielokrotnie. Kościół w Europie traci wiernych i słabnie. Ale do Europy, wraz falą migrantów z Bliskiego Wschodu i Afryki, dociera kulturowa zmiana. Muzułmanie, których na Zachodzie jest coraz więcej, podkreślają swoją odrębność religijną. &amp;nbsp; Jaki to będzie miało wpływ na społeczeństwo takich krajów jak Francja, Szwecja czy Niemcy? I co z Polską? Czy islam, który wraz z jego wyznawcami rozprzestrzenia się po Europie, będzie powodem odrodzenia się chrześcijańskich ideałów i symboli? O szczegółach usłyszycie w podcaście &quot;Rachunek sumienia&quot; &amp;nbsp;
