{"version":1,"type":"rich","provider_name":"Libsyn","provider_url":"https:\/\/www.libsyn.com","height":90,"width":600,"title":"Walczy\u0142 o \u017cycie. Teraz m\u00f3wi wprost: ci\u0105gnie wilka do lasu","description":"Min\u0119\u0142o osiem miesi\u0119cy od niezwykle gro\u017anego upadku Adriana Miedzi\u0144skiego. Zawodnik Abramczyk Polonii Bydgoszcz dozna\u0142 bardzo ci\u0119\u017ckiego urazu m\u00f3zgu, a ca\u0142a \u017cu\u017clowa Polska trzyma\u0142a kciuki za powr\u00f3t do zdrowia. Dzi\u015b nie ukrywa, \u017ce chce wr\u00f3ci\u0107 do \u015bcigania. - Po cz\u0119\u015bci jestem przygotowany. Niczego jednak nie zrobi\u0119 na szybko \u2013 zaznacza &quot;Miedziak&quot; w podca\u015bcie &quot;Znamy si\u0119 z \u017cu\u017cla&quot; Kamila Tureckiego. ","author_name":"Znamy si\u0119 z \u017cu\u017cla","author_url":"https:\/\/przegladsportowy.onet.pl\/podcasty","html":"<iframe title=\"Libsyn Player\" style=\"border: none\" src=\"\/\/html5-player.libsyn.com\/embed\/episode\/id\/26683140\/height\/90\/theme\/custom\/thumbnail\/yes\/direction\/forward\/render-playlist\/no\/custom-color\/424242\/\" height=\"90\" width=\"600\" scrolling=\"no\"  allowfullscreen webkitallowfullscreen mozallowfullscreen oallowfullscreen msallowfullscreen><\/iframe>","thumbnail_url":"https:\/\/assets.libsyn.com\/secure\/item\/26683140"}

Walczył o życie. Teraz mówi wprost: ciągnie wilka do lasu

Minęło osiem miesięcy od niezwykle groźnego upadku Adriana Miedzińskiego. Zawodnik Abramczyk Polonii Bydgoszcz doznał bardzo ciężkiego urazu mózgu, a cała żużlowa Polska trzymała kciuki za powrót do zdrowia. Dziś nie ukrywa, że chce wrócić do ścigania. - Po części jestem przygotowany. Niczego jednak nie zrobię na szybko – zaznacza &quot;Miedziak&quot; w podcaście &quot;Znamy się z żużla&quot; Kamila Tureckiego.

Znamy się z żużla
