{"version":1,"type":"rich","provider_name":"Libsyn","provider_url":"https:\/\/www.libsyn.com","height":90,"width":600,"title":"Verg\u00fcenza y Miedo a Vender: C\u00f3mo Superarlos","description":"Saber vender, promocionarte y persuadir es una habilidad fundamental en cualquier trabajo, en cualquier negocio y en tu propia vida. Consigue el resumen de este episodio, conocimiento, y lee el texto completo en: https:\/\/bit.ly\/wp-miedo-a-vender Y desc\u00e1rgate ahora una de las gu\u00edas gratuitas que he preparado para ti, que van a ayudarte a conseguir claridad sobre tus metas y a ser m\u00e1s productivo, seguro y feliz: https:\/\/bit.ly\/pod-multiplica-tu-productividad-x3 https:\/\/bit.ly\/pod-transformate-personal-y-profesionalmente &amp;nbsp; RESUMEN:  Saber vender y promocionarte es una habilidad fundamental en cualquier trabajo, en cualquier negocio, e incluso en tu propia vida. Sin embargo, para mucha gente el miedo a vender es una barrera insuperable que les mantiene estancados y lejos de la vida que quieren. \u201cLos hombres no tienen miedo de las cosas, sino de la forma en que las ven\u201d ---Epicteto. En este episodio voy a darte 5 consejos que van a ayudarte a perder el miedo a vender, y van a transformar tus resultados como ni siquiera te hab\u00edas imaginado.  Lee o mira el episodio completo aqu\u00ed: https:\/\/bit.ly\/wp-miedo-a-vender &amp;nbsp; S\u00cdGUEME EN MIS REDES SOCIALES: https:\/\/www.facebook.com\/EmilioJValcarcel\/ https:\/\/www.instagram.com\/emiliovalcarcel\/ https:\/\/twitter.com\/EmilioValcarcel https:\/\/www.linkedin.com\/in\/emiliovalcarcel\/ https:\/\/www.youtube.com\/@EmilioValcarcel &amp;nbsp; SOBRE EMILIO: Emilio Valc\u00e1rcel es uno de los formadores y mentores de desarrollo personal y profesional y negocios m\u00e1s seguidos y escuchados, con miles de alumnos, clientes y seguidores en sus programas de formaci\u00f3n, sus procesos de mentor\u00eda y coaching, su blog, su podcast, su canal de YouTube, sus redes sociales y su newsletter semanal. Adem\u00e1s de padre cari\u00f1oso y lector empedernido, es Master en Ciencias del Comportamiento por la London School of Economics and Political Science, Programa de Desarrollo Directivo por el IESE Business School, Executive Coach (ACTP) y Licenciado en Derecho. Emprendi\u00f3 su primer negocio con veintitr\u00e9s a\u00f1os, estudi\u00f3 y trabaj\u00f3 en varios pa\u00edses, y durante mucho tiempo fue alto directivo en el Grupo Schwarz (LIDL), la mayor multinacional europea de la distribuci\u00f3n, donde dirig\u00eda una divisi\u00f3n con mil quinientas personas. Tras la p\u00e9rdida de un ser muy querido, inici\u00f3 un proceso de conocimiento y de profunda transformaci\u00f3n. Desde hace a\u00f1os se dedica a ayudar a empresarios y profesionales a gestionarse mejor, y a emprender, consolidar y escalar sus negocios para que puedan tener la vida que quieren. Si has decidido transformar tu vida, tu trabajo y tu negocio, aqu\u00ed encontrar\u00e1s el conocimiento, la inspiraci\u00f3n y el apoyo que necesitas para conseguirlo. Con\u00f3celo en https:\/\/emiliovalcarcel.com&amp;nbsp; ","author_name":"El Podcast de Emilio Valc\u00e1rcel","author_url":"https:\/\/emiliovalcarcel.com","html":"<iframe title=\"Libsyn Player\" style=\"border: none\" src=\"\/\/html5-player.libsyn.com\/embed\/episode\/id\/29966473\/height\/90\/theme\/custom\/thumbnail\/yes\/direction\/forward\/render-playlist\/no\/custom-color\/88AA3C\/\" height=\"90\" width=\"600\" scrolling=\"no\"  allowfullscreen webkitallowfullscreen mozallowfullscreen oallowfullscreen msallowfullscreen><\/iframe>","thumbnail_url":"https:\/\/assets.libsyn.com\/secure\/item\/29966473"}

Vergüenza y Miedo a Vender: Cómo Superarlos

Saber vender, promocionarte y persuadir es una habilidad fundamental en cualquier trabajo, en cualquier negocio y en tu propia vida. Consigue el resumen de este episodio, conocimiento, y lee el texto completo en: https://bit.ly/wp-miedo-a-vender Y descárgate ahora una de las guías gratuitas que he preparado para ti, que van a ayudarte a conseguir claridad sobre tus metas y a ser más productivo, seguro y feliz: https://bit.ly/pod-multiplica-tu-productividad-x3 https://bit.ly/pod-transformate-personal-y-profesionalmente &amp;nbsp; RESUMEN:  Saber vender y promocionarte es una habilidad fundamental en cualquier trabajo, en cualquier negocio, e incluso en tu propia vida. Sin embargo, para mucha gente el miedo a vender es una barrera insuperable que les mantiene estancados y lejos de la vida que quieren. “Los hombres no tienen miedo de las cosas, sino de la forma en que las ven” ---Epicteto. En este episodio voy a darte 5 consejos que van a ayudarte a perder el miedo a vender, y van a transformar tus resultados como ni siquiera te habías imaginado.  Lee o mira el episodio completo aquí: https://bit.ly/wp-miedo-a-vender &amp;nbsp; SÍGUEME EN MIS REDES SOCIALES: https://www.facebook.com/EmilioJValcarcel/ https://www.instagram.com/emiliovalcarcel/ https://twitter.com/EmilioValcarcel https://www.linkedin.com/in/emiliovalcarcel/ https://www.youtube.com/@EmilioValcarcel &amp;nbsp; SOBRE EMILIO: Emilio Valcárcel es uno de los formadores y mentores de desarrollo personal y profesional y negocios más seguidos y escuchados, con miles de alumnos, clientes y seguidores en sus programas de formación, sus procesos de mentoría y coaching, su blog, su podcast, su canal de YouTube, sus redes sociales y su newsletter semanal. Además de padre cariñoso y lector empedernido, es Master en Ciencias del Comportamiento por la London School of Economics and Political Science, Programa de Desarrollo Directivo por el IESE Business School, Executive Coach (ACTP) y Licenciado en Derecho. Emprendió su primer negocio con veintitrés años, estudió y trabajó en varios países, y durante mucho tiempo fue alto directivo en el Grupo Schwarz (LIDL), la mayor multinacional europea de la distribución, donde dirigía una división con mil quinientas personas. Tras la pérdida de un ser muy querido, inició un proceso de conocimiento y de profunda transformación. Desde hace años se dedica a ayudar a empresarios y profesionales a gestionarse mejor, y a emprender, consolidar y escalar sus negocios para que puedan tener la vida que quieren. Si has decidido transformar tu vida, tu trabajo y tu negocio, aquí encontrarás el conocimiento, la inspiración y el apoyo que necesitas para conseguirlo. Conócelo en https://emiliovalcarcel.com&amp;nbsp;

El Podcast de Emilio Valcárcel
