{"version":1,"type":"rich","provider_name":"Libsyn","provider_url":"https:\/\/www.libsyn.com","height":90,"width":600,"title":"Onet Rano. - 23.09","description":"Go\u015b\u0107mi Tomasz Sekielskiego w &quot;Onet Rano.&quot; o 07.55 s\u0105: Krzysztof Luft, Krzysztof Kwiatkowski, Tomasz Karauda, Kacper Forreiter, Patryk Motyka, Piotr Bystrianin. W cz\u0119\u015bci #WIEM rozmowa Iwony Kutyny z Izabel\u0105 Morawsk\u0105 i Jakubem Tyczkowskim. ","author_name":"Onet Rano.","author_url":"http:\/\/onetrano.podcastyonet.libsynpro.com\/website","html":"<iframe title=\"Libsyn Player\" style=\"border: none\" src=\"\/\/html5-player.libsyn.com\/embed\/episode\/id\/20573918\/height\/90\/theme\/custom\/thumbnail\/yes\/direction\/forward\/render-playlist\/no\/custom-color\/ffd200\/\" height=\"90\" width=\"600\" scrolling=\"no\"  allowfullscreen webkitallowfullscreen mozallowfullscreen oallowfullscreen msallowfullscreen><\/iframe>","thumbnail_url":"https:\/\/assets.libsyn.com\/secure\/item\/20573918"}

Gośćmi Tomasz Sekielskiego w &quot;Onet Rano.&quot; o 07.55 są: Krzysztof Luft, Krzysztof Kwiatkowski, Tomasz Karauda, Kacper Forreiter, Patryk Motyka, Piotr Bystrianin. W części #WIEM rozmowa Iwony Kutyny z Izabelą Morawską i Jakubem Tyczkowskim.
