{"version":1,"type":"rich","provider_name":"Libsyn","provider_url":"https:\/\/www.libsyn.com","height":90,"width":600,"title":"MUNDO INTERNO #64: Quem \u00e9 seu adulto respons\u00e1vel?","description":" N\u00e3o \u00e9 f\u00e1cil de perceber, nem de admitir, mas quase todos n\u00f3s temos isso em alguma medida: esperar que certas coisas se resolvam a partir da interven\u00e7\u00e3o de outro. \u00c9 como um pensamento inconsciente que, sem que a gente perceba, tira nossa autonomia e compet\u00eancia e p\u00f5e na conta do outro. Quase nos infantilizando diante das adversidades da vida.   \u00c9 mais ou menos aquela sensa\u00e7\u00e3o l\u00e1 no fundo de achar que algu\u00e9m vai nos salvar, de sentir que o outro sabe mais que a gente at\u00e9 sobre nossas pr\u00f3prias coisas, de n\u00e3o conseguir escolher, porque&amp;nbsp; parece que as outras pessoas escolhem mais certo ou v\u00ea coisas que a gente n\u00e3o v\u00ea\u2026   Provavelmente isso comece na nossa inf\u00e2ncia, nossos pais ou cuidadores s\u00e3o nossos adultos respons\u00e1veis, mas depois que a gente cresce boa parte de n\u00f3s apenas substitui essas figuras pelo companheiro\/a amoroso, ou chefe, ou amigos e at\u00e9 o governo. E o problema disse, \u00e9 que geralmente atr\u00e1s dessa pessoa que tem adultos respons\u00e1veis por ela, h\u00e1 uma sensa\u00e7\u00e3o muito angustiante de pouca liberdade, de ter a vida empacada, de sofrer muito pra decidir as coisas por medo de errar, uma sensa\u00e7\u00e3o de que as coisas ser\u00e3o imposs\u00edveis pra ela, de se sentir pequena ou sem ferramentas diante das dificuldades. Ningu\u00e9m entrega sua liberdade na m\u00e3o de outra pessoa de gra\u00e7a, possivelmente esses sentimentos de n\u00e3o se sentir capaz j\u00e1 existiam antes e motivou essa esp\u00e9cie de depend\u00eancia.   E, ao mesmo tempo, em determinados momentos, esse adulto respons\u00e1vel surge em n\u00f3s como se n\u00e3o houvesse escolhas. E \u00e9 sobre esses processos que conversei com a Denise, nesse epis\u00f3dio!   -   Apresenta\u00e7\u00e3o: Vanessa Gazetta   Convidada: Denise Limpias   Edi\u00e7\u00e3o: Anna Horta   Arte da vitrine: Anna Horta   M\u00fasica de abertura:  Andrea Facciolo   Feed:&amp;nbsp;http:\/\/onomedissoemundo.com\/feed\/podcast\/   \u2014 Booking \u2014   Reserve seu hotel&amp;nbsp;pelo&amp;nbsp;Booking.com.   \u2014 Links \u2014   Mais sobre a vida emocional de quem vive fora no site Mundo Interno.   Instagram do Mundo Interno: @mundointernopsi   Apoia.se do ONDEM   Grupo do ONDEM no Facebook   Voc\u00ea pode entrar em contato com a gente pelo Twitter, Instagram e Facebook. Para n\u00e3o perder nenhum epis\u00f3dio, assine o podcast no iTunes, no&amp;nbsp;seu agregador de podcast preferido&amp;nbsp;ou&amp;nbsp;no&amp;nbsp;Spotify. Para apoiar o ONDEM, acesse&amp;nbsp;apoia.se\/ondem e contribua com nosso projeto.  ","author_name":"ONDEM Podcasts","author_url":"http:\/\/www.onomedissoemundo.com","html":"<iframe title=\"Libsyn Player\" style=\"border: none\" src=\"\/\/html5-player.libsyn.com\/embed\/episode\/id\/26369502\/height\/90\/theme\/custom\/thumbnail\/yes\/direction\/forward\/render-playlist\/no\/custom-color\/2cc4e0\/\" height=\"90\" width=\"600\" scrolling=\"no\"  allowfullscreen webkitallowfullscreen mozallowfullscreen oallowfullscreen msallowfullscreen><\/iframe>","thumbnail_url":"https:\/\/assets.libsyn.com\/secure\/content\/149043594"}

MUNDO INTERNO #64: Quem é seu adulto responsável?

Não é fácil de perceber, nem de admitir, mas quase todos nós temos isso em alguma medida: esperar que certas coisas se resolvam a partir da intervenção de outro. É como um pensamento inconsciente que, sem que a gente perceba, tira nossa autonomia e competência e põe na conta do outro. Quase nos infantilizando diante das adversidades da vida.   É mais ou menos aquela sensação lá no fundo de achar que alguém vai nos salvar, de sentir que o outro sabe mais que a gente até sobre nossas próprias coisas, de não conseguir escolher, porque&amp;nbsp; parece que as outras pessoas escolhem mais certo ou vê coisas que a gente não vê…   Provavelmente isso comece na nossa infância, nossos pais ou cuidadores são nossos adultos responsáveis, mas depois que a gente cresce boa parte de nós apenas substitui essas figuras pelo companheiro/a amoroso, ou chefe, ou amigos e até o governo. E o problema disse, é que geralmente atrás dessa pessoa que tem adultos responsáveis por ela, há uma sensação muito angustiante de pouca liberdade, de ter a vida empacada, de sofrer muito pra decidir as coisas por medo de errar, uma sensação de que as coisas serão impossíveis pra ela, de se sentir pequena ou sem ferramentas diante das dificuldades. Ninguém entrega sua liberdade na mão de outra pessoa de graça, possivelmente esses sentimentos de não se sentir capaz já existiam antes e motivou essa espécie de dependência.   E, ao mesmo tempo, em determinados momentos, esse adulto responsável surge em nós como se não houvesse escolhas. E é sobre esses processos que conversei com a Denise, nesse episódio!   -   Apresentação: Vanessa Gazetta   Convidada: Denise Limpias   Edição: Anna Horta   Arte da vitrine: Anna Horta   Música de abertura:  Andrea Facciolo   Feed:&amp;nbsp;http://onomedissoemundo.com/feed/podcast/   — Booking —   Reserve seu hotel&amp;nbsp;pelo&amp;nbsp;Booking.com.   — Links —   Mais sobre a vida emocional de quem vive fora no site Mundo Interno.   Instagram do Mundo Interno: @mundointernopsi   Apoia.se do ONDEM   Grupo do ONDEM no Facebook   Você pode entrar em contato com a gente pelo Twitter, Instagram e Facebook. Para não perder nenhum episódio, assine o podcast no iTunes, no&amp;nbsp;seu agregador de podcast preferido&amp;nbsp;ou&amp;nbsp;no&amp;nbsp;Spotify. Para apoiar o ONDEM, acesse&amp;nbsp;apoia.se/ondem e contribua com nosso projeto.
