{"version":1,"type":"rich","provider_name":"Libsyn","provider_url":"https:\/\/www.libsyn.com","height":90,"width":600,"title":"Conex\u00e3o #000 \u2013 As nuvens de Bras\u00edlia","description":"Os \u00faltimos dez dias foram incr\u00edveis. Fui a&amp;nbsp;Bras\u00edlia, onde&amp;nbsp;conheci duas pessoas&amp;nbsp;que fazem parte da minha vida h\u00e1 muito pouco tempo, mas que quero levar comigo at\u00e9 o fim: Camila Valente e Let\u00edcia Diethelm, minha parceira do Viva Viena!.&amp;nbsp;Na \u00faltima noite antes da despedida, n\u00f3s tr\u00eas gravamos um epis\u00f3dio extra do O Nome Disso \u00c9 Mundo [\u2026] O post  Conex\u00e3o #000 \u2013 As nuvens de Bras\u00edlia apareceu primeiro em O nome disso \u00e9 mundo. ","author_name":"ONDEM Podcasts","author_url":"http:\/\/www.onomedissoemundo.com","html":"<iframe title=\"Libsyn Player\" style=\"border: none\" src=\"\/\/html5-player.libsyn.com\/embed\/episode\/id\/6109423\/height\/90\/theme\/custom\/thumbnail\/yes\/direction\/forward\/render-playlist\/no\/custom-color\/2cc4e0\/\" height=\"90\" width=\"600\" scrolling=\"no\"  allowfullscreen webkitallowfullscreen mozallowfullscreen oallowfullscreen msallowfullscreen><\/iframe>","thumbnail_url":"https:\/\/assets.libsyn.com\/secure\/content\/18449879"}

Conexão #000 – As nuvens de Brasília

Os últimos dez dias foram incríveis. Fui a&amp;nbsp;Brasília, onde&amp;nbsp;conheci duas pessoas&amp;nbsp;que fazem parte da minha vida há muito pouco tempo, mas que quero levar comigo até o fim: Camila Valente e Letícia Diethelm, minha parceira do Viva Viena!.&amp;nbsp;Na última noite antes da despedida, nós três gravamos um episódio extra do O Nome Disso É Mundo […] O post  Conexão #000 – As nuvens de Brasília apareceu primeiro em O nome disso é mundo.
