{"version":1,"type":"rich","provider_name":"Libsyn","provider_url":"https:\/\/www.libsyn.com","height":90,"width":600,"title":"#073 \u2013 Fran\u00e7a de f\u00e9rias","description":"Esta semana entrevistamos a Renata Schultz. Ela morou durante 13 anos&amp;nbsp;na Fran\u00e7a e contou pra gente \u2013 entre outras coisas \u2013 sobre&amp;nbsp;pessoas que tomam um banho a cada tr\u00eas dias e sobre comer queijo na sobremesa. Saiba tamb\u00e9m o desenrolar das&amp;nbsp;entre a Gr\u00e9cia e a Uni\u00e3o Europeia a partir&amp;nbsp;da an\u00e1lise da Gabriela Arag\u00e3o, uma pernambucana [\u2026] O post #073 \u2013 Fran\u00e7a de f\u00e9rias apareceu primeiro em O nome disso \u00e9 mundo. ","author_name":"ONDEM Podcasts","author_url":"http:\/\/www.onomedissoemundo.com","html":"<iframe title=\"Libsyn Player\" style=\"border: none\" src=\"\/\/html5-player.libsyn.com\/embed\/episode\/id\/6109408\/height\/90\/theme\/custom\/thumbnail\/yes\/direction\/forward\/render-playlist\/no\/custom-color\/2cc4e0\/\" height=\"90\" width=\"600\" scrolling=\"no\"  allowfullscreen webkitallowfullscreen mozallowfullscreen oallowfullscreen msallowfullscreen><\/iframe>","thumbnail_url":"https:\/\/assets.libsyn.com\/secure\/content\/19735198"}

#073 – França de férias

Esta semana entrevistamos a Renata Schultz. Ela morou durante 13 anos&amp;nbsp;na França e contou pra gente – entre outras coisas – sobre&amp;nbsp;pessoas que tomam um banho a cada três dias e sobre comer queijo na sobremesa. Saiba também o desenrolar das&amp;nbsp;entre a Grécia e a União Europeia a partir&amp;nbsp;da análise da Gabriela Aragão, uma pernambucana […] O post #073 – França de férias apareceu primeiro em O nome disso é mundo.
