{"version":1,"type":"rich","provider_name":"Libsyn","provider_url":"https:\/\/www.libsyn.com","height":90,"width":600,"title":"#125 - O pocz\u0105tkach","description":"W pierwszym tegorocznym odcinku porozmawiamy o pocz\u0105tkach. Kilka dni temu by\u0142 pierwszy dzie\u0144 w roku, a wi\u0119c dla wielu czas postanowie\u0144, zmian, plan\u00f3w\u2026 Zastanawiali\u015bcie si\u0119 kiedy\u015b dlaczego r\u00f3\u017cnica w ostatniej cyfrze daty jest dla nas tak istotna? W ci\u0105gu roku moment\u00f3w, kt\u00f3re zmieniaj\u0105 nasze perspektywy jest wiele, a mimo to wci\u0105\u017c z r\u00f3\u017cnych powod\u00f3w pocz\u0105tek roku jest naszym ulubionym. Czy warto si\u0119 go trzyma\u0107? Robi\u0107 listy nowych nawyk\u00f3w i planowa\u0107 kolejne 12 miesi\u0119cy? C\u00f3\u017c, na pewno nam to nie zaszkodzi, ale mo\u017ce warto zacz\u0105\u0107 dostrzega\u0107 sytuacje, w kt\u00f3rych zmiany przychodz\u0105 same. O tych momentach porozmawiamy w dzisiejszym odcinku! Podzielcie si\u0119 w komentarzach, co dla was w ostatnim czasie by\u0142o takim \u201cpocz\u0105tkiem\u201d! ","author_name":"uSawickich Podcast","author_url":"https:\/\/moznainaczej.edu.pl\/usawickich-podcast","html":"<iframe title=\"Libsyn Player\" style=\"border: none\" src=\"\/\/html5-player.libsyn.com\/embed\/episode\/id\/25501827\/height\/90\/theme\/custom\/thumbnail\/yes\/direction\/forward\/render-playlist\/no\/custom-color\/ff3b11\/\" height=\"90\" width=\"600\" scrolling=\"no\"  allowfullscreen webkitallowfullscreen mozallowfullscreen oallowfullscreen msallowfullscreen><\/iframe>","thumbnail_url":"https:\/\/assets.libsyn.com\/secure\/item\/25501827"}

#125 - O początkach

W pierwszym tegorocznym odcinku porozmawiamy o początkach. Kilka dni temu był pierwszy dzień w roku, a więc dla wielu czas postanowień, zmian, planów… Zastanawialiście się kiedyś dlaczego różnica w ostatniej cyfrze daty jest dla nas tak istotna? W ciągu roku momentów, które zmieniają nasze perspektywy jest wiele, a mimo to wciąż z różnych powodów początek roku jest naszym ulubionym. Czy warto się go trzymać? Robić listy nowych nawyków i planować kolejne 12 miesięcy? Cóż, na pewno nam to nie zaszkodzi, ale może warto zacząć dostrzegać sytuacje, w których zmiany przychodzą same. O tych momentach porozmawiamy w dzisiejszym odcinku! Podzielcie się w komentarzach, co dla was w ostatnim czasie było takim “początkiem”!
