{"version":1,"type":"rich","provider_name":"Libsyn","provider_url":"https:\/\/www.libsyn.com","height":90,"width":600,"title":"164. Fj\u00e4der i hatten","description":"Jofi ser f\u00f6rdelarna med att st\u00f6tta Black Lives Matter med svarta rutor, veckans vikarie Filip Andersson st\u00e4ller grupp mot grupp efter vekcnas demonstrationer, och Petrina ber\u00e4ttar om en man i Belgien som lider av pizzaterror. Och s\u00e5 blir det lite om nationaldagen och Palmemordet samt lite annat. Mycket n\u00f6je! ","author_name":"M\u00c5NDAG","author_url":"http:\/\/mandag.libsyn.com\/","html":"<iframe title=\"Libsyn Player\" style=\"border: none\" src=\"\/\/html5-player.libsyn.com\/embed\/episode\/id\/14731259\/height\/90\/theme\/custom\/thumbnail\/yes\/direction\/forward\/render-playlist\/no\/custom-color\/88AA3C\/\" height=\"90\" width=\"600\" scrolling=\"no\"  allowfullscreen webkitallowfullscreen mozallowfullscreen oallowfullscreen msallowfullscreen><\/iframe>","thumbnail_url":"https:\/\/assets.libsyn.com\/secure\/item\/14731259"}

164. Fjäder i hatten

Jofi ser fördelarna med att stötta Black Lives Matter med svarta rutor, veckans vikarie Filip Andersson ställer grupp mot grupp efter vekcnas demonstrationer, och Petrina berättar om en man i Belgien som lider av pizzaterror. Och så blir det lite om nationaldagen och Palmemordet samt lite annat. Mycket nöje!

MÅNDAG
