{"version":1,"type":"rich","provider_name":"Libsyn","provider_url":"https:\/\/www.libsyn.com","height":90,"width":600,"title":"2.7. \u00dea\u00f0 fer enginn \u00ed gegnum \u00feetta einn","description":"Margir tala um a\u00f0 \u00feetta hafi hj\u00e1lpa\u00f0 hva\u00f0 mest \u00ed ferlinu, a\u00f0 f\u00e1 \u00feessa von\u201c segir \u00deorri Sn\u00e6bj\u00f6rnsson s\u00e1lfr\u00e6\u00f0ingur og annar vi\u00f0m\u00e6landi hla\u00f0varpsins \u00feessa vikuna. Hann, \u00e1samt \u00c1su Magn\u00fasd\u00f3ttur stu\u00f0ningsfulltr\u00faa, r\u00e6\u00f0a um Stu\u00f0ningsnet Krafts \u00fear sem d\u00fdrm\u00e6t jafningafr\u00e6\u00f0sla fer fram. Stu\u00f0ningsneti\u00f0 er \u00f6llum opi\u00f0, krabbameinsgreindum sem og a\u00f0standendum. ","author_name":"Fokk \u00e9g er me\u00f0 krabbamein","author_url":"http:\/\/kraftur.libsyn.com\/website","html":"<iframe title=\"Libsyn Player\" style=\"border: none\" src=\"\/\/html5-player.libsyn.com\/embed\/episode\/id\/16220099\/height\/90\/theme\/custom\/thumbnail\/yes\/direction\/forward\/render-playlist\/no\/custom-color\/88AA3C\/\" height=\"90\" width=\"600\" scrolling=\"no\"  allowfullscreen webkitallowfullscreen mozallowfullscreen oallowfullscreen msallowfullscreen><\/iframe>","thumbnail_url":"https:\/\/assets.libsyn.com\/secure\/item\/16220099"}

2.7. Það fer enginn í gegnum þetta einn

Margir tala um að þetta hafi hjálpað hvað mest í ferlinu, að fá þessa von“ segir Þorri Snæbjörnsson sálfræðingur og annar viðmælandi hlaðvarpsins þessa vikuna. Hann, ásamt Ásu Magnúsdóttur stuðningsfulltrúa, ræða um Stuðningsnet Krafts þar sem dýrmæt jafningafræðsla fer fram. Stuðningsnetið er öllum opið, krabbameinsgreindum sem og aðstandendum.

Fokk ég er með krabbamein
