{"version":1,"type":"rich","provider_name":"Libsyn","provider_url":"https:\/\/www.libsyn.com","height":90,"width":600,"title":"Journalistpodden #175: Flamman","description":"Nu handlar det om Flamman! I andra delen av v\u00e5r valspecial snackar vi n\u00e4mligen med deras chefredakt\u00f6r Anna Herdy om hur de bedriver journalistik p\u00e5 socialistisk grund. Ett avsnitt likt en gnistrande v\u00e4v som ber\u00e4ttar om klassernas kamp, med d\u00e5tid och nutid i samma hand.Medverkande: Anna Herdy och Jonas Nordling. Vinjett: Herg\u00e9\/M. Ashraf. Musik: &quot;L\u2019Internationale&quot; med Artefact. ","author_name":"Journalistpodden (Journalistf\u00f6rbundet)","author_url":"http:\/\/journalistpodden.libsyn.com","html":"<iframe title=\"Libsyn Player\" style=\"border: none\" src=\"\/\/html5-player.libsyn.com\/embed\/episode\/id\/6991100\/height\/90\/theme\/custom\/thumbnail\/yes\/direction\/forward\/render-playlist\/no\/custom-color\/88AA3C\/\" height=\"90\" width=\"600\" scrolling=\"no\"  allowfullscreen webkitallowfullscreen mozallowfullscreen oallowfullscreen msallowfullscreen><\/iframe>","thumbnail_url":"https:\/\/assets.libsyn.com\/secure\/item\/6991100"}

Nu handlar det om Flamman! I andra delen av vår valspecial snackar vi nämligen med deras chefredaktör Anna Herdy om hur de bedriver journalistik på socialistisk grund. Ett avsnitt likt en gnistrande väv som berättar om klassernas kamp, med dåtid och nutid i samma hand.Medverkande: Anna Herdy och Jonas Nordling. Vinjett: Hergé/M. Ashraf. Musik: &quot;L’Internationale&quot; med Artefact.

Journalistpodden (Journalistförbundet)
