{"version":1,"type":"rich","provider_name":"Libsyn","provider_url":"https:\/\/www.libsyn.com","height":90,"width":600,"title":"#125 Kurzfristiges und dauerhaftes Sein","description":"Im spanischen gibt es f\u00fcr \u201esein\u201c zwei Vokabeln: ser und estar. Ser wird benutzt, wenn ich zum Beispiel sage, dass ich rothaarig bin. Und Estar, wenn ich erz\u00e4hle, dass ich gerade krank bin. Im Deutschen wird diese Unterscheidung nicht gemacht und ich verrate Ihnen, wieso dies ein Konfliktgespr\u00e4ch zus\u00e4tzlich erschweren kann.&amp;nbsp; &amp;nbsp; Schreiben Sie mir jederzeit gern, wenn Sie eine Frage an mich haben oder mir ein Feedback geben m\u00f6chten: podcast@ichrede.de &amp;nbsp; &amp;nbsp; *******************************&amp;nbsp; &amp;nbsp; Links von Isabel Garc\u00eda:&amp;nbsp; &amp;nbsp; ICH REDE. Akademie: Ab sofort kostenlos und ohne E-Mail-Funnel-Sammlerei. Lernen Sie selbst\u00e4ndig \u00fcberzeugend und auf den Punkt zu kommunizieren. www.ich-rede-akademie.de&amp;nbsp; &amp;nbsp; Meine neuesten B\u00fccher:&amp;nbsp; &amp;nbsp; \u201eDie Bessersprecher\u201c: https:\/\/amzn.to\/2UEHjpo &amp;nbsp; \u201eLip\u00f6dem - Ich bin mehr als meine Beine\u201c: https:\/\/amzn.to\/2UxH7Zi &amp;nbsp; Bestsellerh\u00f6rbuch mit knapp 100.000 verkauften Exemplaren: https:\/\/adbl.co\/39rsjzJ &amp;nbsp; &amp;nbsp; Bis bald auf dieser Frequenz!&amp;nbsp; Ihre&amp;nbsp; Isabel Garc\u00eda&amp;nbsp; ","author_name":"Gut Reden kann jeder","author_url":"http:\/\/ichrede.libsyn.com\/website","html":"<iframe title=\"Libsyn Player\" style=\"border: none\" src=\"\/\/html5-player.libsyn.com\/embed\/episode\/id\/13871447\/height\/90\/theme\/custom\/thumbnail\/yes\/direction\/forward\/render-playlist\/no\/custom-color\/88AA3C\/\" height=\"90\" width=\"600\" scrolling=\"no\"  allowfullscreen webkitallowfullscreen mozallowfullscreen oallowfullscreen msallowfullscreen><\/iframe>","thumbnail_url":"https:\/\/assets.libsyn.com\/secure\/content\/69173936"}

Im spanischen gibt es für „sein“ zwei Vokabeln: ser und estar. Ser wird benutzt, wenn ich zum Beispiel sage, dass ich rothaarig bin. Und Estar, wenn ich erzähle, dass ich gerade krank bin. Im Deutschen wird diese Unterscheidung nicht gemacht und ich verrate Ihnen, wieso dies ein Konfliktgespräch zusätzlich erschweren kann.&amp;nbsp; &amp;nbsp; Schreiben Sie mir jederzeit gern, wenn Sie eine Frage an mich haben oder mir ein Feedback geben möchten: podcast@ichrede.de &amp;nbsp; &amp;nbsp; *******************************&amp;nbsp; &amp;nbsp; Links von Isabel García:&amp;nbsp; &amp;nbsp; ICH REDE. Akademie: Ab sofort kostenlos und ohne E-Mail-Funnel-Sammlerei. Lernen Sie selbständig überzeugend und auf den Punkt zu kommunizieren. www.ich-rede-akademie.de&amp;nbsp; &amp;nbsp; Meine neuesten Bücher:&amp;nbsp; &amp;nbsp; „Die Bessersprecher“: https://amzn.to/2UEHjpo &amp;nbsp; „Lipödem - Ich bin mehr als meine Beine“: https://amzn.to/2UxH7Zi &amp;nbsp; Bestsellerhörbuch mit knapp 100.000 verkauften Exemplaren: https://adbl.co/39rsjzJ &amp;nbsp; &amp;nbsp; Bis bald auf dieser Frequenz!&amp;nbsp; Ihre&amp;nbsp; Isabel García&amp;nbsp;
