{"version":1,"type":"rich","provider_name":"Libsyn","provider_url":"https:\/\/www.libsyn.com","height":90,"width":600,"title":"72: El d\u00eda del espa\u00f1ol","description":"#TalD\u00edaComoHoy, 23 de abril, celebramos el d\u00eda del espa\u00f1ol. No solo es un d\u00eda para pensar en Cervantes, sino para ver la realidad del idioma espa\u00f1ol en el mundo y la fuerza y el futuro de la comunidad hispanohablante. Suscr\u00edbete para no perderte ning\u00fan episodio y d\u00e9jame, por favor, tus comentarios.&amp;nbsp; Hola, soy Eva Bravo y si quieres saber m\u00e1s de estos temas relacionados con la historia y la actualidad del espa\u00f1ol que se habla en Am\u00e9rica y en Espa\u00f1a, te espero en mi web www.ebravo.es o en Twitter: @EspanolAmerica. ","author_name":"El Espa\u00f1ol de Am\u00e9rica","author_url":"https:\/\/ebravo.es","html":"<iframe title=\"Libsyn Player\" style=\"border: none\" src=\"\/\/html5-player.libsyn.com\/embed\/episode\/id\/13932803\/height\/90\/theme\/custom\/thumbnail\/yes\/direction\/forward\/render-playlist\/no\/custom-color\/88AA3C\/\" height=\"90\" width=\"600\" scrolling=\"no\"  allowfullscreen webkitallowfullscreen mozallowfullscreen oallowfullscreen msallowfullscreen><\/iframe>","thumbnail_url":"https:\/\/assets.libsyn.com\/secure\/item\/13932803"}

72: El día del español

#TalDíaComoHoy, 23 de abril, celebramos el día del español. No solo es un día para pensar en Cervantes, sino para ver la realidad del idioma español en el mundo y la fuerza y el futuro de la comunidad hispanohablante. Suscríbete para no perderte ningún episodio y déjame, por favor, tus comentarios.&amp;nbsp; Hola, soy Eva Bravo y si quieres saber más de estos temas relacionados con la historia y la actualidad del español que se habla en América y en España, te espero en mi web www.ebravo.es o en Twitter: @EspanolAmerica.

El Español de América
