{"version":1,"type":"rich","provider_name":"Libsyn","provider_url":"https:\/\/www.libsyn.com","height":90,"width":600,"title":"Por que \u00e9 preciso falar sobre suic\u00eddio","description":"Mais de 800 mil pessoas cometem suic\u00eddio todos os anos no mundo. O tema \u00e9 complexo, carregado de estigma. Some-se a isso a dificuldade dos m\u00e9dicos da linha de frente em reconhecer os sinais de idea\u00e7\u00e3o suicida entre os tantos e t\u00e3o diversos dramas humanos que batem \u00e0 porta dos servi\u00e7os de emerg\u00eancia diariamente. No primeiro epis\u00f3dio da segunda temporada do Conversa de M\u00e9dico, os Drs. Lu\u00eds Fernando Correia e Sivan Mauer discutem o tema, falam sobre os sinais de alerta e orientam sobre como falar sobre suic\u00eddio com pacientes e familiares. ","author_name":"Conversa de m\u00e9dico","author_url":"https:\/\/portugues.medscape.com","html":"<iframe title=\"Libsyn Player\" style=\"border: none\" src=\"\/\/html5-player.libsyn.com\/embed\/episode\/id\/11330186\/height\/90\/theme\/custom\/thumbnail\/yes\/direction\/forward\/render-playlist\/no\/custom-color\/88AA3C\/\" height=\"90\" width=\"600\" scrolling=\"no\"  allowfullscreen webkitallowfullscreen mozallowfullscreen oallowfullscreen msallowfullscreen><\/iframe>","thumbnail_url":"https:\/\/assets.libsyn.com\/secure\/item\/11330186"}

Por que é preciso falar sobre suicídio

Mais de 800 mil pessoas cometem suicídio todos os anos no mundo. O tema é complexo, carregado de estigma. Some-se a isso a dificuldade dos médicos da linha de frente em reconhecer os sinais de ideação suicida entre os tantos e tão diversos dramas humanos que batem à porta dos serviços de emergência diariamente. No primeiro episódio da segunda temporada do Conversa de Médico, os Drs. Luís Fernando Correia e Sivan Mauer discutem o tema, falam sobre os sinais de alerta e orientam sobre como falar sobre suicídio com pacientes e familiares.

Conversa de médico
