{"version":1,"type":"rich","provider_name":"Libsyn","provider_url":"https:\/\/www.libsyn.com","height":90,"width":600,"title":"Orar desde el alma, no desde el miedo","description":"Episodio 25 \u2728 \u201cHay una diferencia muy sutil\u2026 pero enorme. No es lo mismo orar desde el miedo que orar desde el alma. Durante muchos a\u00f1os yo oraba as\u00ed: \u201cDios m\u00edo, que no pase nada malo\u2026\u201d \u201cQue no me dejen\u2026\u201d \u201cQue no me falte\u2026\u201d \u201cQue no me equivoque\u2026\u201d Y sin darme cuenta, mi oraci\u00f3n no era un acto de fe\u2026 era un acto de supervivencia. Era una oraci\u00f3n que temblaba\u201d. Conecta conmigo:  u&amp;nbsp; Instagram.com\/gladyscaballerocas &amp;nbsp;&amp;nbsp;  u&amp;nbsp; Facebook.com\/gladyscaballerocas  u&amp;nbsp;  gladyscaballerocas@gmail.com  u&amp;nbsp;  Ponte en contacto conmigo whatsapp: +57 3112645489 #PodcastFemenino #SanarDesdeElAlma #PNL #CoachingCu\u00e1ntico #M\u00e1sFuerteQueAyer #SaludMental #HistoriasDeVida #DesarrolloPersonal #Sanaci\u00f3nInterior #proposito #sanar #autoestima ","author_name":"M\u00e1s fuerte que ayer","author_url":"https:\/\/sites.libsyn.com\/583360","html":"<iframe title=\"Libsyn Player\" style=\"border: none\" src=\"\/\/html5-player.libsyn.com\/embed\/episode\/id\/40288370\/height\/90\/theme\/custom\/thumbnail\/yes\/direction\/forward\/render-playlist\/no\/custom-color\/88AA3C\/\" height=\"90\" width=\"600\" scrolling=\"no\"  allowfullscreen webkitallowfullscreen mozallowfullscreen oallowfullscreen msallowfullscreen><\/iframe>","thumbnail_url":"https:\/\/assets.libsyn.com\/secure\/content\/199134765"}

Episodio 25 ✨ “Hay una diferencia muy sutil… pero enorme. No es lo mismo orar desde el miedo que orar desde el alma. Durante muchos años yo oraba así: “Dios mío, que no pase nada malo…” “Que no me dejen…” “Que no me falte…” “Que no me equivoque…” Y sin darme cuenta, mi oración no era un acto de fe… era un acto de supervivencia. Era una oración que temblaba”. Conecta conmigo:  u&amp;nbsp; Instagram.com/gladyscaballerocas &amp;nbsp;&amp;nbsp;  u&amp;nbsp; Facebook.com/gladyscaballerocas  u&amp;nbsp;  gladyscaballerocas@gmail.com  u&amp;nbsp;  Ponte en contacto conmigo whatsapp: +57 3112645489 #PodcastFemenino #SanarDesdeElAlma #PNL #CoachingCuántico #MásFuerteQueAyer #SaludMental #HistoriasDeVida #DesarrolloPersonal #SanaciónInterior #proposito #sanar #autoestima

Más fuerte que ayer
