{"version":1,"type":"rich","provider_name":"Libsyn","provider_url":"https:\/\/www.libsyn.com","height":90,"width":600,"title":"#393 Angst vor der Erinnerung \u2013 Trauma-Jahrestage","description":"Heute spreche ich \u00fcber Trauma-Jahrestage und die Angst vor der Erinnerung, die immer zu speziellen Daten wiederkehrt, und wie man damit umgehen kann.&amp;nbsp; In dieser Folge erf\u00e4hrst du:  wie sich die Angst vor Jahrestagen zeigen kann warum Jahrestage eine so intensive innere Dynamik entfalten k\u00f6nnen welche Schutzreaktionen sich rund um solche Tage entwickeln k\u00f6nnen wie Angeh\u00f6rige unterst\u00fctzend wirken k\u00f6nnen wie ein achtsamer Umgang mit diesen Zeiten m\u00f6glich werden kann.  Shownotes:  Trauma &amp;amp; Erinnerung \/\/ Podcast #127 Ist Traumaheilung ohne Erinnerung m\u00f6glich? \/\/ Podcast #169 Trauma, Verluste und Trauer \/\/ Podcast #391 Ressourcen auf dem Integrationsweg erkennen und nutzen \/\/ Podcast #365   Ich freue mich sehr, dir meinen&amp;nbsp;neuen&amp;nbsp;Postkartenkalender vorzustellen! Ein traumasensibler Begleiter durch das Jahr - Mit sanften \u00dcbungen, Reflexionsfragen, Platz f\u00fcr Gedanken und Postkarten zum Versenden:&amp;nbsp;https:\/\/www.verenakoenig.de\/buecher\/postkartenkalender-verbunden-mit-dir\/&amp;nbsp;   Interessierst du dich f\u00fcr mein Buch \u201eTrauma und Beziehungen\u201d? Hier findest du mehr Informationen dazu:&amp;nbsp;www.verenakoenig.de\/buecher\/trauma-und-beziehungen\/&amp;nbsp;   3 traumasensible Meditationen \u2013 Komme im Hier und Jetzt an und finde Sicherheit in deiner Pr\u00e4senz. Trage dich hier ein und wir schicken dir den Link zu den Meditationen zu:&amp;nbsp;https:\/\/www.verenakoenig.de\/geschenke\/3-traumasensible-meditationen\/&amp;nbsp;   Kennst du schon mein wundersch\u00f6nes Kartendeck? Ob in akuten Stresssituationen, als t\u00e4gliches Ritual oder spontane Inspiration \u2013 56 Impulse helfen dir zu mehr Selbstregulation und Sicherheit im Hier und Jetzt:&amp;nbsp;https:\/\/www.verenakoenig.de\/buecher\/kartendeck-verbinde-dich-mit-dir-selbst\/&amp;nbsp;   W\u00fcnschst du dir mehr Nervensystem-Regulation und Selbstbestimmung? Dann trage dich in unsere unverbindliche Interessentenliste f\u00fcr den Kurs \u201eNervensystemkompass\u201c ein:&amp;nbsp;https:\/\/www.verenakoenig.de\/online-kurse\/nervensystemkompass\/&amp;nbsp;&amp;nbsp;   Interessierst du dich auch f\u00fcr meine Ausbildung NI Neurosystemische Integration\u00ae? Trage dich jetzt in die Warteliste ein, um keine Neuigkeiten zu verpassen!&amp;nbsp;https:\/\/www.verenakoenig.de\/akademie\/ni-ausbildung\/&amp;nbsp;  Wenn du teilen m\u00f6chtest, was dich in dieser Folge bewegt hat oder wenn du gerne etwas anmerken m\u00f6chtest, dann folge mir auf Instagram oder Facebook.&amp;nbsp;Dort findest du jede Menge weiterf\u00fchrende Inspiration.&amp;nbsp;   Verena auf Instagram:&amp;nbsp;https:\/\/www.instagram.com\/verenakoenig.official\/&amp;nbsp;&amp;nbsp; Verena auf Facebook:&amp;nbsp;https:\/\/www.facebook.com\/verenakoenig.de&amp;nbsp;&amp;nbsp;   Verpasse keine Neuigkeiten mehr! Erhalte jeden Freitag eine Mail mit dem aktuellen Podcast und interessanter Inspiration:&amp;nbsp;https:\/\/verenakoenig.de\/tinlanmeldung&amp;nbsp;   ","author_name":"Verena K\u00f6nig Podcast f\u00fcr Kreative Transformation | Traumawissen","author_url":"https:\/\/www.verenakoenig.de","html":"<iframe title=\"Libsyn Player\" style=\"border: none\" src=\"\/\/html5-player.libsyn.com\/embed\/episode\/id\/40234785\/height\/90\/theme\/custom\/thumbnail\/yes\/direction\/forward\/render-playlist\/no\/custom-color\/88AA3C\/\" height=\"90\" width=\"600\" scrolling=\"no\"  allowfullscreen webkitallowfullscreen mozallowfullscreen oallowfullscreen msallowfullscreen><\/iframe>","thumbnail_url":"https:\/\/assets.libsyn.com\/secure\/content\/198983985"}

Heute spreche ich über Trauma-Jahrestage und die Angst vor der Erinnerung, die immer zu speziellen Daten wiederkehrt, und wie man damit umgehen kann.&amp;nbsp; In dieser Folge erfährst du:  wie sich die Angst vor Jahrestagen zeigen kann warum Jahrestage eine so intensive innere Dynamik entfalten können welche Schutzreaktionen sich rund um solche Tage entwickeln können wie Angehörige unterstützend wirken können wie ein achtsamer Umgang mit diesen Zeiten möglich werden kann.  Shownotes:  Trauma &amp;amp; Erinnerung // Podcast #127 Ist Traumaheilung ohne Erinnerung möglich? // Podcast #169 Trauma, Verluste und Trauer // Podcast #391 Ressourcen auf dem Integrationsweg erkennen und nutzen // Podcast #365   Ich freue mich sehr, dir meinen&amp;nbsp;neuen&amp;nbsp;Postkartenkalender vorzustellen! Ein traumasensibler Begleiter durch das Jahr - Mit sanften Übungen, Reflexionsfragen, Platz für Gedanken und Postkarten zum Versenden:&amp;nbsp;https://www.verenakoenig.de/buecher/postkartenkalender-verbunden-mit-dir/&amp;nbsp;   Interessierst du dich für mein Buch „Trauma und Beziehungen”? Hier findest du mehr Informationen dazu:&amp;nbsp;www.verenakoenig.de/buecher/trauma-und-beziehungen/&amp;nbsp;   3 traumasensible Meditationen – Komme im Hier und Jetzt an und finde Sicherheit in deiner Präsenz. Trage dich hier ein und wir schicken dir den Link zu den Meditationen zu:&amp;nbsp;https://www.verenakoenig.de/geschenke/3-traumasensible-meditationen/&amp;nbsp;   Kennst du schon mein wunderschönes Kartendeck? Ob in akuten Stresssituationen, als tägliches Ritual oder spontane Inspiration – 56 Impulse helfen dir zu mehr Selbstregulation und Sicherheit im Hier und Jetzt:&amp;nbsp;https://www.verenakoenig.de/buecher/kartendeck-verbinde-dich-mit-dir-selbst/&amp;nbsp;   Wünschst du dir mehr Nervensystem-Regulation und Selbstbestimmung? Dann trage dich in unsere unverbindliche Interessentenliste für den Kurs „Nervensystemkompass“ ein:&amp;nbsp;https://www.verenakoenig.de/online-kurse/nervensystemkompass/&amp;nbsp;&amp;nbsp;   Interessierst du dich auch für meine Ausbildung NI Neurosystemische Integration®? Trage dich jetzt in die Warteliste ein, um keine Neuigkeiten zu verpassen!&amp;nbsp;https://www.verenakoenig.de/akademie/ni-ausbildung/&amp;nbsp;  Wenn du teilen möchtest, was dich in dieser Folge bewegt hat oder wenn du gerne etwas anmerken möchtest, dann folge mir auf Instagram oder Facebook.&amp;nbsp;Dort findest du jede Menge weiterführende Inspiration.&amp;nbsp;   Verena auf Instagram:&amp;nbsp;https://www.instagram.com/verenakoenig.official/&amp;nbsp;&amp;nbsp; Verena auf Facebook:&amp;nbsp;https://www.facebook.com/verenakoenig.de&amp;nbsp;&amp;nbsp;   Verpasse keine Neuigkeiten mehr! Erhalte jeden Freitag eine Mail mit dem aktuellen Podcast und interessanter Inspiration:&amp;nbsp;https://verenakoenig.de/tinlanmeldung&amp;nbsp;

Verena König Podcast für Kreative Transformation | Traumawissen
