{"version":1,"type":"rich","provider_name":"Libsyn","provider_url":"https:\/\/www.libsyn.com","height":90,"width":600,"title":"#10 Varf\u00f6r m\u00e5r generation \u00c5 s\u00e5 d\u00e5ligt?","description":"Den psykiska oh\u00e4lsan bland Sveriges unga har g\u00e5tt fr\u00e5n d\u00e5lig till v\u00e4rre. En alltf\u00f6r stor grupp unga lider av stress, huvudv\u00e4rk, s\u00f6mnsv\u00e5righeter. Men vad beror p\u00e5 det? \u00c4r det ett medicinskt problem, eller ett politiskt? Vilken roll spelar skolan, sociala medier, klass? Tankesmedjan Tidens Johan Sj\u00f6lander samtalar med id\u00e9historiker Tobias Sundin om hans nya rapport \u201dGeneration \u00c5 \u2013 Om sveket mot en generation\u201d. ","author_name":"Tiden R\u00e4ttvisa &amp; Politik","author_url":"https:\/\/sites.libsyn.com\/571930","html":"<iframe title=\"Libsyn Player\" style=\"border: none\" src=\"\/\/html5-player.libsyn.com\/embed\/episode\/id\/37054730\/height\/90\/theme\/custom\/thumbnail\/yes\/direction\/forward\/render-playlist\/no\/custom-color\/88AA3C\/\" height=\"90\" width=\"600\" scrolling=\"no\"  allowfullscreen webkitallowfullscreen mozallowfullscreen oallowfullscreen msallowfullscreen><\/iframe>","thumbnail_url":"https:\/\/assets.libsyn.com\/secure\/item\/37054730"}

#10 Varför mår generation Å så dåligt?

Den psykiska ohälsan bland Sveriges unga har gått från dålig till värre. En alltför stor grupp unga lider av stress, huvudvärk, sömnsvårigheter. Men vad beror på det? Är det ett medicinskt problem, eller ett politiskt? Vilken roll spelar skolan, sociala medier, klass? Tankesmedjan Tidens Johan Sjölander samtalar med idéhistoriker Tobias Sundin om hans nya rapport ”Generation Å – Om sveket mot en generation”.

Tiden Rättvisa &amp; Politik
